3?
-2
Evaluate (9 - -10 - -7) + (10 - 21).
15
What is the value of -6 + (-61 - -64 - (-18 - 0))?
15
(-22 - (-32 - -9)) + 17
18
Calculate 12 + -11 + -2 + -3 - (-6 - 4).
6
What is the value of (-7 - 1) + (4 + -8 - -19)?
7
What is the value of 4 + -1 + 3 + 1 - (-14 + -3)?
24
0 + (-2 - -9) + -6
1
Evaluate (4 - (-8 + 40)) + (5 - -1).
-22
6 - -1 - (40 + -37) - 4
0
What is the value of 9 + -2 + (11 - -23) + -11?
30
What is 5 - 17 - (14 - 28 - -14)?
-12
Calculate -23 - (-41 - -31) - (-9 - -1).
-5
What is the value of 15 + -1 + 5 + (1 - 12) + -1?
7
What is the value of 2 + -1 + -11 + -33 + 59?
16
What is 19 - (10 + 17 + 0)?
-8
Evaluate (18 - 12) + (15 - 7).
14
What is -2 - (8 - (-5 + (14 + -8 - 9)))?
-18
What is the value of 38 - (13 - (6 - 42))?
-11
Evaluate 6 + ((2 - 6) + 2 - 3 - -1).
2
What is the value of 12 + (-36 + 19 - -11)?
6
What is 3 + -5 - (-9 + 10 + -6)?
3
Evaluate (-6 + 5 - 21) + 24.
2
What is the value of (2 - ((-6 - (-14 + 4)) + -2)) + -4?
-4
-107 - -133 - (0 - -31)
-5
What is 1 + 8 - (70 + -47)?
-14
What is -2 + (-3 - -3) + -5 + -4 + 4?
-7
Evaluate 3 - (4 + -7 - (0 + 1)).
7
What is the value of -2 + 22 - (19 + (-40 - -28))?
13
Calculate 5 + 2 - (0 - (-9 + (17 - 5))).
10
What is the value of -68 - -14 - (5 - 43)?
-16
Calculate 6 + 1 + 2 + 3 - (56 - 54).
10
Calculate 3 + -1 + 0 + (39 - 31).
10
Evaluate (-4 - -25) + -15 + -6 + 2.
2
What is the value of 9 - 14 - ((1 - -3) + -21 + 22)?
-10
Calculate (-2 - (5 + -9 + -4) - 7) + 1.
0
Calculate 4 + -12 + (-2 - -10 - -1) + 6.
7
Evaluate (-11 - -3) + 2 - (2 + -12).
4
What is the value of -9 + -3 + 4 + 6 - (-17 - 1)?
16
Calculate 1 - -13 - (-161 + 154).
21
What is 14 + (20 - 27) + -18?
-11
What is the value of -1 + -13 - -33 - 25?
-6
-11 + 12 + 14 + -3 + 15 + -7
20
What is the value of (-2 - 5 - -7) + 3 + 1?
4
7 + (8 - 63) + 32
-16
What is -5 + 11 + (4 - 1)?
9
-1 - 13 - (-32 + 28)
-10
Calculate 57 + (-21 - -1 - 16).
21
What is 6 + (13 - -1) + -20?
0
What is 51 + -44 + (5 - 18)?
-6
What is the value of (-1 - 24) + -981 + 1009 + (-26 - 1)?
-24
Calculate (-25 - -29 - (-1 + 8)) + 6.
3
Calculate -7 + -22 + 20 + -21 + (-3 - -1).
-32
-2 - (3 + -12 + 25)
-18
-21 - -3 - (2 - 0) - (641 - 631)
-30
What is -4 - (-5 + (-10 - (6 + -10 + 4)))?
11
What is the value of (4 - 23) + 16 + -5 + 12?
4
What is 13 + (20 - 24 - ((0 - 2) + -6))?
17
What is -21 - 0 - (-10 + (-8 - -7))?
-10
Calculate 5 - (8 + (5 + -2 - 1)).
-5
Evaluate -52 - -52 - (1 - -1) - 5.
-7
What is the value of -55 + 48 + 0 + -6?
-13
What is the value of -2 - -2 - (0 - -3) - (-24 - -11)?
10
Evaluate -8 + (-5 - (2 + -3)) + (-135 - -160).
13
What is the value of -12 + 1 - (-13 - -45 - 40) - -13?
10
What is 4 + (3 - (10 + -1)) - (38 - 36)?
-4
What is the value of -9 + 9 - (-36 - -29 - (1 + -7))?
1
(21 - 50) + 27 + (2 - 7)
-7
1 - -5 - (-5 + 1 + (34 - 32))
8
Calculate -1 + 2 + -3 + (-3 + -5 - -7).
-3
-4 + (13 - -11 - 14) + 19 + 2
27
What is the value of -54 - -28 - -32 - (1 - (-13 + -1))?
-9
-1 + 3 + 12 - (3 - (6 - -1))
18
What is 14 - -2 - (12 - (6 - (-11 + 5)))?
16
What is -5 + (-6 - (5 + -15))?
-1
Evaluate 35 - 27 - (2 + (4 - 3) + 26).
-21
(-13 - (-18 - -8)) + -12 + 34
19
Evaluate 6 - 10 - -14 - 6 - (0 + 6).
-2
What is (6 - -2) + (15 + 12 - 19)?
16
131 - 130 - (2 - 1)
0
What is the value of -1 + -2 + (-22 - -12) - -22?
9
What is -1 - (-1 - -34 - 5) - -13?
-16
What is the value of -2 + -1 + -1 + (35 - 39) - -1?
-7
Calculate 5 - (15 - (12 + (-9 - -6))).
-1
What is the value of (11 - 17 - -6) + 12?
12
What is -1 - -2 - (28 + -58 - -35)?
-4
What is 4 - (-10 + -10 + (-7 - (1 + -3)))?
29
114 + -127 + -2 + 3
-12
-14 - (-6 - (3 + -12))
-17
What is (42 - 32) + (-1 - 6) - 18?
-15
-10 + -20 + (10 - (-8 + 3 + 23))
-38
What is the value of -37 + -33 + 48 - (2 + 0 + -7)?
-17
Calculate (1 - 15) + -26 + 14 + 14 + 4.
-8
What is 1 + 1 + (-9 + -4 - (6 + -18))?
1
(-15 - 21) + (-10 - -51)
5
What is the value of -6 - (5 - 10) - (-16 + 9) - 0?
6
What is the value of (-307 - -307 - (1 + 5)) + -2?
-8
What is the value of -4 - -3 - 2 - (-1 + -17 + 31)?
-16
Calculate -19 + (-22 - -47) - -16.
22
What is the value of -4 - ((11 - 7) + 1 + -3 - 6)?
0
Calculate 137 + -132 + (-1 - 7) - 6.
-9
36 + (-31 - -14) - (-3 + 12 + 0)
10
What is -8 - (27 + -33 - (1 + 5))?
4
Evaluate 926 + -949 + (21 - -1) + (-8 - -1).
-8
Calculate -34 + 65 + -38 + -11.
-18
What is the value of (15 - 5) + -4 - 13?
-7
-6 - ((-9 - -24) + -12)
-9
What is -2 + 1 + 4 + -3 + (-2 - -1)?
-1
(-1 + 13 - 12) + -2
-2
(-1 - -2) + 242 + -226
17
Calculate -1 + 0 + (3 - 2) - (104 - 107).
3
Evaluate 10 - (-15 + 35 + -11 - 24).
25
Calculate 12 + -13 - (2 + 1) - (-15 + -6).
17
What is the value of 1 + 6 - (0 - (-22 + 25))?
10
What is -7 + -6 - -9 - -4 - -6?
6
What is (-8 - -6 - (-4 - -7 - 2)) + -1?
-4
92 + -107 + 1 + -1 + 22
7
Calculate 26 + -35 - (1 - (-3 + 4)).
-9
(399 - 315) + (1 - 48)
37
-7 + -2 + 2 + (11 - 41) + 61
24
What is -12 - (-5 + -1 - (30 + -35))?
-11
Evaluate -62 - -20 - (-20 - -15).
-37
Calculate 0 - (-2 - -3) - (10 + 1).
-12
Calculate -8 + 6 + 10 + -3 + 0 - 8.
-3
11 + -10 + -5 + -7
-11
-2 + (0 - 11 - -2) + 16
5
Evaluate (-2 - (-6 + 5 - 4)) + -8.
-5
0 - 1 - (294 + -295)
0
Evaluate -15 + 17 + -36 + 27.
-7
Evaluate 10 + -10 + 8 + -2 + (4 - 4).
6
Evaluate (20 - 9) + 6 + (-10 - 0).
7
What is the value of (13 - (-22 - -31)) + 8?
12
(-5 - 8 - -8) + -1 + 8
2
What is (1 - -3) + (-31 - (-10 + -10))?
-7
What is the value of -1 + (1 - (0 + 0)) + (701 - 713)?
-12
What is the value of 27 + (-9 - 9 - -8)?
17
What is the value of -36 - -26 - (-1 + -32 - -7)?
16
What is the value of 16 + (-9 + 5 + 0 - -3) + -7?
8
Calculate (-1 - -26) + (10 - (-15 - (2 - 26))).
26
12 + 0 + -10 - 16
-14
5 - (14 - (-9 - -15))
-3
Calculate (-15 - -14) + (14 - (13 + -5)).
5
46 - 64 - (2 + -34)
14
Evaluate -7 + -1 - (-53 - (-20 + 17 - 18)).
24
0 + 9 + (-12 - 2 - -19)
14
Calculate (-3 + -7 - -34) + 4.
28
Calculate (-1 - (2 + 0) - -7) + (9 - 14).
-1
Evaluate -15 + 0 - (118 + -148).
15
Evaluate 21 - 8 - (15 + -23).
21
What is the value of (12 + -11 - 9) + 1 + 21?
14
-15 - (13 + -18 + -10)
0
Calculate -5 + (-1 - 0 - (-15 - 0 - 6)).
15
(-2 + 25 - 8) + -2 + -1
12
(0 - 5) + (1 + 21 - (-16 - -16))
17
What is (-3 - -12) + (-23 - -4) + 8 + -7?
-9
Calculate -6 + (-26 - -59) - 35.
-8
What is (-28 - -12 - -3) + 23?
10
What is the value of 25 - 2 - (12 + 11 - 13 - 2)?
15
11 + -22 + 8 + 12
9
What is the value of -7 - (-31 - (-23 - (16 - 29)))?
14
-20 - (-10 + (9 - 9) - 4)
-6
What is (49 - 75 - 28) + 28?
-26
Evaluate (22 - 17) + 16 + -20.
1
-6 + 6 + 12 + -19
-7
Evaluate (-124 - -137) + 1 + -3 + 5.
16
What is the value of 8 - 5 - 18 - (-2 + -2)?
-11
-19 + (33 - (45 + -17))
-14
What is the value of 96 + -98 + (-12 - -1) + -1 + 3?
-11
6 - (5 - 15 - -9 - 18)
25
-38 - 0 - 2 - (2 - 13)
-29
Evaluate -5 + (-8 - -15) + -3 + 5.
4
What is the value of (2 - 10) + (-8 - (-16 + 14))?
-14
Evaluate -20 + ((-5 - -42) + 14 - 8).
23
-3 + -32 + 9 + (4 - -4)
-18
What is -1 + -2 + (-14 - -13) + 1 - 4?
-7
What is (10 - 1) + (-32 - (-14 - (0 - 8)))?
-17
Calculate -6 - (-15 + (6 - 10) + 4).
9
Evaluate (6 - (-3 - -6)) + -1 - (-35 + 41).
-4
-4 + 27 + (-8 - (-23 - -9) - 9)
20
Calculate -2 + 16 + -13 + -6 + 8.
3
What is -1 + (-1 - (17 - 6)) - -5?
-8
What is 8 + 1 + (-24 - -30)?
15
What is the value of 0 + 40 - (860 + -786)?
-34
What is 0 - (-4 + 2 + -10)?
12
Calculate 3 + -6 + 1 + -36 + 96 + -38.
20
What is the value of (8 + -2 - 11) + 9 + (-7 - -6)?
3
-12 + (7 - 2) + -13 + 5 + 3
-12
What is the value of -9 - -23 - 2 - -4 - -6?
22
Evaluate (3 + -2 - -9) + -12.
-2
15 - -1 - 13 - 13
-10
7 + (-29 - -8) - -22
8
What is the value of 15 + -20 - 0 - (-14 + 5)?
4
What is the value of 8 - (-6 + (5 - (2 + 5)) + 14)?
2
Evaluate -1198 - -1192 - ((-1 - (9 - 1)) + 0).
3
What is 0 - (7 + ((5 - 0) + -2 - -3))?
-13
What is (-5 - 13) + 9 + 8 - -23?
22
What is 3 + (-4 - (-8 - (-1 - -4)))?
10
-16 + (31 - 16) + 12
11
What is the value of (-12 - (0 + 5)) + 77 + -71?
-11
What is 4 - (0 + 9 + -2 + 1) - -1?
-3
(-2 - -3) + 0 + (-161 - -179)
19
(2 - -7) + -1 - 4 - 7
-3
What is 10 + (-5 - ((0 - -4) + -3)) - 1?
3
Evaluate -3 + 13 + (24 + -17 - 5).
12
What is (-23 - (2 + -20)) + (0 - (1 + -2))?
-4
Evaluate 26 + -4 - (7 + (-3 - (1 + -3))).
16
(1 - -9) + (-4 - -2) + (1 - -6)
15
-23 - -4 - (19 - 21 - (5 + -1))
-13
Evaluate (-3 - 